 315?
15
Let c(z) = 3*z + 11. Suppose y = -7*y - 32. Let q be c(y). Let h be (-136)/12*(-7 - q). Calculate the highest common divisor of 34 and h.
34
Suppose -5*p - 10*w = -6*w - 1672, 3*p = -2*w + 1004. What is the highest common divisor of p and 294?
42
Let m = 1 - 2. Suppose 4*x + 132 = 29*x + 8*x. Let p be (m + 0)*(-11 + 4) - x. Calculate the greatest common divisor of p and 42.
3
Let h(b) = -144 - 1 + 111*b - 143. Let i be h(4). What is the highest common divisor of i and 104?
52
Suppose 9 = -o - 12. Let n = o - -20. Let v be n*2*(-8)/16. Calculate the greatest common factor of 7 and v.
1
Let d = -168 - -168. Suppose d = u, 5*q + 3*u = u + 45. Calculate the greatest common divisor of q and 81.
9
Suppose -170 = -5*x + 5*t, 138 = 4*x + 24*t - 29*t. Calculate the greatest common divisor of x and 3296.
32
Let o be 34*(12 + (-143)/13). Calculate the greatest common factor of o and 1105.
17
Let x(o) = 3*o - 1. Let s be x(8). Let z(r) = 133*r - 719. Let d be z(8). Calculate the greatest common factor of d and s.
23
Let s(t) = -9*t**2 - 16*t - 18. Let n be s(-7). Let c = n - -363. Let b = -41 + 65. What is the highest common divisor of b and c?
8
Let r = -13442 - -13499. What is the greatest common factor of r and 3648?
57
Let w be 42/(98/14) - -10. What is the greatest common divisor of w and 159?
1
Suppose -8*r + 32*r = 0. Suppose -2*t + 119 + 71 = r. Calculate the highest common divisor of t and 76.
19
Suppose -3*q + 0*q + 21 = 0. Suppose -3*x + 5*j = -1517, 5*x - 3*j = -4*j + 2519. Suppose 0 = -7*o + 16*o - x. What is the greatest common factor of q and o?
7
Let o be ((-5880)/(14 - 34))/(-1 + (-5)/(-2)). Calculate the highest common factor of 98 and o.
98
Let j = 2704 + -2656. What is the highest common factor of j and 24504?
24
Let p = -23 + 35. Let z(r) = r**3 + 26*r**2 - 68*r - 66. Let k be z(-28). Let y = 402 - k. Calculate the greatest common factor of y and p.
12
Let p(c) = c**3 - 4*c**2 - 156*c + 873. Let y be p(6). What is the greatest common factor of 11709 and y?
9
Let a = -51 - -350. Let c = 301 - a. Let p = -2 - -4. What is the greatest common divisor of p and c?
2
Let s = -8572 - -10903. Calculate the highest common factor of s and 14.
7
Suppose 5*i + 80 = 45, 0 = 4*n - 3*i - 65. Let k(l) = -l**2 - 8*l - 6. Let t be k(-7). What is the highest common factor of n and t?
1
Let v be 7/(-7) + (5 + 10 - (-5 + 2)). Calculate the greatest common divisor of v and 1156.
17
Let z(k) = k**2 - 5*k - 75. Let c be z(-6). Let d be (c/(-3))/((-57)/(-1615)). Calculate the highest common divisor of d and 136.
17
Suppose 0 = -178*a - 50 + 498 + 620. Let g = -10 + 40. Calculate the greatest common divisor of a and g.
6
Suppose -1383*n = -1346*n - 11322. Calculate the highest common factor of n and 12.
6
Suppose 2*r - 26 = -k, 5*r - 90 = 1608*k - 1613*k. Suppose 1 = 3*w - 17. What is the greatest common divisor of w and k?
2
Suppose -89*m - 3406 = -115*m. Calculate the highest common divisor of 131 and m.
131
Suppose -4*v + 15 - 39 = 0, -5156 = -5*s + v. Calculate the highest common factor of s and 1.
1
Let l(f) = 7*f**3 + 43*f**2 - 14*f - 104. Let b be l(-6). Suppose -1029 = -3*c - 3*u, 4*c = c + 3*u + 1035. What is the highest common factor of c and b?
8
Suppose -107*w = -102*w - 130. Let t = 30 - w. Suppose -2*q + 899 = t*u + q, 5*u - 4*q = 1116. What is the highest common divisor of u and 28?
28
Let g(s) = -62*s + 10120. Let f be g(163). What is the highest common factor of f and 22260?
14
Suppose -3*h - 15 = 3*r - 6*h, r = 4*h - 20. Let z be 5/(-20) + r + 194/8. Let q = -61 + 73. Calculate the highest common divisor of q and z.
12
Let y(a) = 7*a**2 - 11*a - 15. Let p be (-78)/(-195)*25/(-2). Let d be y(p). Calculate the highest common divisor of d and 43.
43
Let g be (7 - -1) + (-1664)/192 - 171140/(-12). Calculate the highest common divisor of g and 13.
13
Let y be 14 + 0 + -5 + 520/52. What is the greatest common divisor of 76 and y?
19
Suppose 10*y + 638 = -492. Let f = y + 140. Suppose -6 = -4*n - 2, 4*a - 542 = -2*n. Calculate the highest common factor of a and f.
27
Let x(z) = -77*z**3 + 2*z**2 - 72*z - 222. Let t be x(-3). Calculate the highest common divisor of t and 451.
41
Suppose 4*m + 4*o + 10 = -14, 0 = -m + 5*o. Let u be m/15 + 28*(-1)/(-3). Calculate the greatest common divisor of u and 24.
3
Let o(l) = -l**2 - 67*l + 425. Let f be o(0). Calculate the greatest common divisor of f and 68.
17
Let d be 62*((-20)/(-8) - 2). Let j(x) = 2*x**2 + 95*x - 2. Let c be j(-50). What is the highest common divisor of c and d?
31
Let l be 414/(-69)*(-2)/3 - -370. What is the highest common divisor of l and 408?
34
Let i be ((-4)/(-12))/(20/150)*9746/5. Calculate the highest common factor of i and 22.
11
Let l be (6 + -30)*-1 - -9. What is the highest common factor of l and 6303?
33
Let o = -13998 - -14483. What is the highest common factor of 2 and o?
1
Let i be 171/(-1) + (-4 + -1 - -6). Let p be 688/(-18) + (-80)/(-36) + -2. Let w = p - i. What is the greatest common divisor of 12 and w?
12
Suppose v - a = 308 - 202, 4*v - 2*a - 422 = 0. Suppose h - 5*c - 60 = 0, 3*h = -0*h + c + 138. What is the highest common divisor of v and h?
15
Suppose -2*k - 8 = 0, 2*k = -v + 6*k + 22. Let r be (8/32)/(v/408). Let i be (3/(-2) - -1)*-2. What is the greatest common divisor of i and r?
1
Suppose 4*c + 13 = 5*j - 40, -2*c = 3*j - 23. Suppose 0*f - 2*y - 48 = -5*f, -4*f - 5*y = -78. Calculate the highest common factor of j and f.
3
Suppose 2*i = 4*h - 4, h - 14 = -2*i - h. Suppose 0 = 4*b - 4*p + 96, -i*b + b + 2*p - 71 = 0. Let d = b + 24. Calculate the highest common factor of 1 and d.
1
Let z(j) = 991*j**2 + 85*j - 94. Let y be z(7). What is the greatest common divisor of 220 and y?
220
Let a = 8586 + -8554. Suppose 0*i - 168 = -2*b - 4*i, -314 = -4*b + 3*i. Calculate the highest common factor of b and a.
16
Suppose 0 = -3*j, 30*q + 6 = 33*q - 5*j. Let h be 3 + 4/(-1) + 4. Suppose h*x = b - 14, -30 = -4*b + 4*x + 26. Calculate the greatest common divisor of q and b.
2
Let i(v) = 15*v + 80. Let b be i(-18). Let o be 57 - (26/(-10) + 76/b). Calculate the highest common divisor of o and 600.
60
Let p(d) = d + 43. Let f(g) = -g**2 + 6*g + 14. Let w be f(8). Let k be (-1)/w + (-90)/4. Let o be p(k). What is the highest common factor of o and 21?
21
Let a be (-8)/(-6)*2325/124. Let b be (-4)/5*10/(-4). Suppose 0*q - b*q + 400 = 0. What is the greatest common divisor of q and a?
25
Let b be 152/(-190)*(38/(-2) - 1). Suppose 70 = 3*l - 8*l. Let x be (-4)/l + (-3018)/(-21). Calculate the highest common factor of b and x.
16
Suppose -288021 = 263*u - 526518 - 516839. Calculate the greatest common factor of 32 and u.
8
Suppose 13*t - 18*t = 17*t - 1188. What is the greatest common factor of t and 2?
2
Let f(u) = u**2 + 2*u + 7. Suppose 4*h + 13 = 65. Suppose 2*v = h*v. Let z be f(v). Calculate the greatest common factor of 21 and z.
7
Suppose 5*q - 65 = -5*g, -3*q = 5*g - q - 80. Suppose -g = 3*x - 210. What is the highest common divisor of 704 and x?
64
Let q be ((-2422)/21)/(-1 + 1/3). Let u = -110 + q. Calculate the highest common divisor of 21 and u.
21
Let f = 9955 + -9894. Calculate the greatest common divisor of 6893 and f.
61
Suppose 11*s - 7*s + 52 = 4*u, -5*u = -4*s - 58. Calculate the highest common factor of u and 2658.
6
Suppose 8832 = 20*i - 1168. Calculate the highest common divisor of 200 and i.
100
Let h be 152 + -3*4/(-24)*4. Let o = h + -143. What is the greatest common divisor of 8 and o?
1
Suppose 56*m = 42*m + 112. Calculate the highest common factor of m and 692.
4
Suppose 3*s - s - 10 = 0, 4*k = 5*s + 327. Suppose 2*p - 2*u - 20 - 28 = 0, 2*p + u = 48. Calculate the highest common divisor of k and p.
8
Suppose 0 = -5*r + 3*g + 2371, 5*r - 16*g + 18*g = 2361. What is the highest common factor of r and 301?
43
Let g(c) = -c + 23. Let a = -116 - -109. Let u be g(a). Calculate the greatest common divisor of 48 and u.
6
Let o(u) = -13*u - 36. Let j be o(-11). Let r = -73 + j. What is the highest common factor of r and 51?
17
Let i(o) = -o**3 - 12*o**2 - 12*o - 16. Let m be i(-12). Calculate the highest common divisor of m and 304.
16
Let j = 133 + -137. Let t be 14*(-11)/((-308)/40) + j. Suppose 4*x - 168 = -2*d, -2*d - 3*d = 2*x - 404. What 